 643. Give h(-6).
-11
Let h(q) = -q**2 + 20*q - 60. What is h(15)?
15
Let u(q) = 9*q**2 - 178*q + 5. Calculate u(20).
45
Let h(f) = -f**3 + 22*f**2 - 58*f + 782. Calculate h(21).
5
Let w(b) = -b**3 - 6*b**2 - b - 20. Give w(-6).
-14
Let f(z) = -z**2 - 1740*z - 10394. Determine f(-6).
10
Let v(f) = f**3 - 74*f**2 - 142*f - 599. Determine v(76).
161
Let m(u) = 132*u**2 + 99*u - 100. Determine m(1).
131
Let t(g) = -54*g**3 + 5*g**2 + 3*g - 2. What is t(-1)?
54
Let b(t) = t**2 - 9*t - 89. Give b(0).
-89
Let k(u) = -3*u**3 + 16*u**2 - u - 6. Determine k(5).
14
Let w(n) = 8*n**3 + 2*n**2 + 23*n + 41. What is w(-5)?
-1024
Let z(a) = a**3 + 42*a**2 + 9*a + 401. Determine z(-42).
23
Let a(b) = b**3 + 3*b**2 - 2*b + 8. Give a(3).
56
Let p(y) = 2*y**3 - 21*y**2 + 314*y - 3572. Calculate p(11).
3
Let y(c) = -19*c**2 - 308*c - 530. Give y(-2).
10
Let v(b) = 3*b**2 + 116*b + 437. Give v(-4).
21
Let f(h) = -h**2 + 16*h + 454. Determine f(31).
-11
Let v(t) = -188*t + 2826. What is v(15)?
6
Let h(n) = -3*n**3 + 221*n**2 + 76*n - 153. Give h(74).
-5
Let y(h) = h**3 + 31*h**2 + 13*h + 77. What is y(-31)?
-326
Let b(w) = w**2 + 560*w + 6030. What is b(-11)?
-9
Let m(i) = -i**2 + 240*i + 18357. What is m(-61)?
-4
Let b(d) = d**2 - 22*d + 151. What is b(15)?
46
Let j(d) = -17*d**2 - 933*d + 116. Give j(-55).
6
Let s(o) = -2*o**3 + 217*o**2 + 1875*o + 29. What is s(-8)?
-59
Let f(q) = -156*q**2 - 10922*q - 135. Calculate f(-70).
5
Let f(p) = -4*p + 20. Determine f(6).
-4
Let p(k) = 13627*k - 40885. What is p(3)?
-4
Let w(h) = 4*h**2 - 171*h + 94. Give w(42).
-32
Let y(f) = -43*f + 1907. What is y(45)?
-28
Let l(k) = k**2 - 66*k - 329. Determine l(-5).
26
Let s(d) = -479*d - 108. What is s(1)?
-587
Let q(u) = -u**3 + 56*u**2 - 113*u + 247. Determine q(54).
-23
Let a(r) = -2*r**3 - 75*r**2 - 620*r + 136. Calculate a(-25).
11
Let a(x) = -x**3 - 4*x**2 + 325*x + 665. Give a(-2).
7
Let q(m) = -m**2 + 40*m + 133. Determine q(41).
92
Let w(d) = 2*d**2 + 175*d + 539. Calculate w(-3).
32
Let w(a) = 22*a**2 + 458*a + 2115. What is w(-14)?
15
Let s(h) = h**3 - 21*h**2 + 31*h - 223. Determine s(20).
-3
Let v(n) = -4*n**2 - 164*n - 64. What is v(-41)?
-64
Let b(a) = -2*a**2 - 104*a + 546. Give b(5).
-24
Let t(n) = n**3 - 1602*n - 70. What is t(-40)?
10
Let n(v) = -40*v - 150. Give n(-4).
10
Let f(u) = 2*u**2 + 23*u + 63. What is f(-7)?
0
Let y(i) = i**3 - 5*i**2 - 1044*i + 5213. Calculate y(5).
-7
Let l(g) = -29*g - 915. What is l(-38)?
187
Let j(l) = -l**2 - 3*l + 3. Calculate j(4).
-25
Let u(y) = -20*y**3 + 115*y**2 - 10*y - 13. Determine u(6).
-253
Let m(n) = -n**3 - 12*n**2 + 44*n + 19. What is m(5)?
-186
Let s(k) = -177*k - 17025. Determine s(-96).
-33
Let q(u) = -19*u**2 + 796*u + 90. Determine q(42).
6
Let n(g) = 542*g - 4380. Calculate n(8).
-44
Let y(j) = -3*j**3 + 5*j**2 + 7*j + 6. Determine y(-3).
111
Let m(j) = 375*j + 2240. Give m(-6).
-10
Let c(w) = -5*w**2 + 116*w - 538. Give c(17).
-11
Let v(j) = -j**3 - 8*j**2 - 18*j - 9. Give v(-5).
6
Let f(q) = -194*q + 921. Calculate f(5).
-49
Let z(q) = 32*q + 1510. Determine z(-48).
-26
Let z(n) = 31*n**2 + 741*n - 58. What is z(-24)?
14
Let u(k) = -k**3 - 120*k**2 + 196*k + 9067. Determine u(-121).
-8
Let a(p) = -p + 83. What is a(18)?
65
Let f(k) = 2*k**3 + 178*k**2 + 1145*k - 16. Give f(-7).
5
Let c(n) = -127*n + 24145. Determine c(190).
15
Let o(f) = -f**3 + 7*f**2 + 19*f - 3. Give o(9).
6
Let q(t) = 2*t**3 + 55*t**2 - 20*t + 125. Determine q(-28).
-99
Let y(q) = 2*q**3 + 56*q**2 + 148*q - 76. Calculate y(-25).
-26
Let n(z) = 271*z + 1531. Give n(-7).
-366
Let t(b) = -b**3 - 21*b**2 + 45*b + 65. Calculate t(-23).
88
Let c(o) = -2*o**3 - 3*o**2 - 11*o + 13. Calculate c(1).
-3
Let s(y) = -128*y - 507. Give s(-2).
-251
Let g(y) = 10*y**2 + 12*y - 18. Determine g(3).
108
Let s(k) = -k**3 + 10*k**2 + 74*k + 65. Calculate s(-3).
-40
Let c(b) = -2*b**2 + 39*b - 249. Give c(7).
-74
Let y(w) = -58*w + 294. Give y(6).
-54
Let k(w) = 7*w**2 + 2*w + 41. Determine k(0).
41
Let x(n) = 56*n**2 + 26*n + 28. Give x(-1).
58
Let a(h) = 3*h**3 - 6*h**2 + 15*h + 19. Calculate a(4).
175
Let v(h) = 558*h + 2232. Determine v(-4).
0
Let w(h) = -h**3 - 69*h**2 + 10*h + 672. Determine w(-69).
-18
Let g(d) = -4*d + 65. Calculate g(19).
-11
Let h(s) = 88*s**2 - 1057*s + 3. What is h(12)?
-9
Let w(p) = -19*p**2 + 3*p - 7. Calculate w(2).
-77
Let h(o) = o**3 - 7*o**2 + 9*o + 16. Calculate h(4).
4
Let d(q) = -3*q**2 - 125*q + 260. Determine d(2).
-2
Let y(h) = -1590*h - 1593. Give y(-1).
-3
Let y(r) = -r**3 + 19*r**2 + 37*r + 105. What is y(21)?
0
Let f(r) = -9*r - 124. Give f(-10).
-34
Let m(y) = 4*y**2 - 25*y - 80. Calculate m(9).
19
Let p(h) = -5*h + 270. Give p(53).
5
Let g(i) = 54*i + 926. Determine g(-17).
8
Let a(i) = -38*i - 314. What is a(-3)?
-200
Let y(s) = s**2 + 45*s - 187. Calculate y(-49).
9
Let a(r) = 122*r**2 + 255*r + 1. What is a(-2)?
-21
Let p(a) = 2*a**2 - 194*a - 1471. Give p(-7).
-15
Let y(l) = l**2 - 48*l - 3410. Determine y(87).
-17
Let m(p) = -4104*p**2 + 41038*p + 16. Calculate m(10).
-4
Let p(d) = 240*d - 1757. What is p(7)?
-77
Let b(a) = -6*a**2 - 7*a - 16. Give b(5).
-201
Let y(o) = 2*o**2 - 27*o + 90. What is y(4)?
14
Let x(w) = -47*w - 324. Give x(-7).
5
Let b(p) = 8*p + 130. Give b(-11).
42
Let w(o) = 1445*o - 36121. Calculate w(25).
4
Let a(s) = 6*s**2 - 14*s - 2. Calculate a(2).
-6
Let d(c) = c**3 - 55*c**2 + 609*c - 368. Calculate d(40).
-8
Let h(s) = 5*s**3 + 13*s**2 + 28*s + 14. What is h(-1)?
-6
Let u(b) = b**3 + 20*b**2 - 152*b - 2748. Determine u(-21).
3
Let a(g) = 2*g**2 - 291*g + 290. Determine a(1).
1
Let w(k) = -12*k + 76. What is w(10)?
-44
Let t(c) = 4*c**2 + 23*c - 353. What is t(8)?
87
Let r(i) = -i**3 - 36*i**2 + 47*i + 393. Determine r(-37).
23
Let i(c) = -565*c**2 - 2836*c - 9. What is i(-5)?
46
Let f(u) = 314*u**3 + 92*u**2 - 91*u - 2. Determine f(1).
313
Let d(x) = -25*x + 84. Calculate d(4).
-16
Let o(f) = 21*f + 1383. Give o(-67).
-24
Let o(f) = -311*f + 345. What is o(1)?
34
Let d(k) = k**2 + 15*k - 82. Calculate d(4).
-6
Let r(l) = 162*l + 10. Give r(-1).
-152
Let j(t) = 28*t + 232. Calculate j(-8).
8
Let g(b) = b**2 - 51*b. Give g(5).
-230
Let p(k) = -19*k - 929. Calculate p(-41).
-150
Let f(n) = -n**3 + 7*n**2 + 29*n - 67. Calculate f(11).
-232
Let h(x) = 3*x**3 + 66*x**2 - 63*x + 127. Determine h(-23).
-11
Let y(u) = 43*u + 361. Determine y(-9).
-26
Let m(v) = 3*v**3 - 30*v**2 + 3*v - 37. Calculate m(10).
-7
Let z(j) = 20*j**3 + 258*j**2 - 29*j - 30. Give z(-13).
9
Let i(c) = -63*c**2 - 5*c + 8. Give i(2).
-254
Let h(j) = -780*j - 2476. What is h(-3)?
-136
Let p(h) = -h**3 - 14*h**2 + 5*h - 58. What is p(-15)?
92
Let j(t) = 253*t**2 + 505*t. Give j(-2).
2
Let v(i) = 15*i - 26. Give v(9).
109
Let v(t) = 55705*t + 55713. Give v(-1).
8
Let b(i) = -i**2 + 26*i - 55. Determine b(7).
78
Let q(s) = -s**3 + 3*s**2 + 7*s + 2. Give q(5).
-13
Let f(b) = b**2 - 20*b - 74. Calculate f(-3).
-5
Let d(n) = n**3 + 11*n**2 + 8372*n + 75184. What is d(-9)?
-2
Let l(t) = t**3 - 74*t**2 - 225*t - 404. Give l(77).
58
Let t(m) = -m**2 + 20*m + 189. Determine t(27).
0
Let h(w) = -w**3 - 27*w**2 - 27*w - 10. Calculate h(-26).
16
Let s(t) = 28*t + 299. Give s(3).
383
Let c(v) = 2*v**3 - 43*v**2 + 229*v + 30. Determine c(7).
212
Let i(f) = -9*f - 117. Determine i(-10).
-27
Let k(c) = 1296*c - 2584. Calculate k(2).
8
Let k(l) = -989*l + 19788. What is k(20)?
8
Let x(t) = 140*t - 1756. Calculate x(13).
64
Let q(z) = -z**3 + 13*z**2 - 13*z - 36. What is q(12)?
-48
Let j(k) = 22*k**2 - 67*k + 190. Give j(3).
187
Let m(a) = -a**3 - 6*a**2 - 10*a + 24. Give m(4).
-176
Let s(l) = 166*l + 1331. What is s(-8)?
3
Let r(s) = s**2 - 193*s + 8261. Determine r(129).
5
Let q(p) = 204*p - 1407. Give q(7).
21
Let a(h) = 8*h + 47. What is a(8)?
111
Let y(g) = -g - 101. Give y(-55).
-46
Let s(w) = 2*w**2 + 19*w - 117. What is s(-14)?
9
Let y(z) = 101*z - 1316. Calculate y(17).
401
Let i(x) = 12768*x + 114906. Determine i(-9).
-6
Let h(k) = 319*k + 2870. Determine h(-9).
-1
Let l(i) = -6*i**3 + 110*i**2 - 107*i - 3. Determine l(1).
-6
Let t(u) = -1739*u + 140855. What is t(81)?
-4
Let w(g) = -5401*g + 75612. What is w(14)?
-2
Let f(w) = -3*w**2 + 3*w + 142. What is f(9)?
-74
Let o(c) = 561*c + 8980. What is o(-16)?
4
Let q(l) = 117